{"id":1445,"date":"2018-09-21T19:46:47","date_gmt":"2018-09-21T17:46:47","guid":{"rendered":"https:\/\/wegwerfenwargestern.darkanium.de\/?page_id=1445"},"modified":"2018-09-22T18:55:38","modified_gmt":"2018-09-22T16:55:38","slug":"stern-anabelle","status":"publish","type":"page","link":"https:\/\/wegwerfenwargestern.de\/index.php\/blog-2\/2016-3\/stern-anabelle\/","title":{"rendered":"Stern Anabelle"},"content":{"rendered":"<p>Hallo ihr lieben&#8230;<\/p>\n<p>Ich dachte ich versuche mich nochmal am Quilling&#8230;. ja Versuch&#8230;. Das ist noch immer nicht ganz so wie ich mir das Vorstelle&#8230; Aber mal ehrlich, es ist noch kein Meister vom Himmel gefallen&#8230; Und Kopf in den Sand, wie Vogel Strau\u00df&#8230; Das bringt doch auch keinen weiter&#8230; Also \u00fcben&#8230;. Dies ist nun versuch Nummer 2 &#8230;<\/p>\n<p><img loading=\"lazy\" decoding=\"async\" class=\"size-full wp-image-368 alignleft\" src=\"https:\/\/wegwerfenwargestern.de\/wp-content\/uploads\/2018\/07\/d99aa4c3-1d9c-4d8e-907c-330ad1c843cd..1...jpg\" alt=\"\" width=\"288\" height=\"319\" \/><\/p>\n<p>Er ist auch nicht ganz gleichm\u00e4\u00dfig, aber ich wei\u00df nun warum. Die Papierstreifen h\u00e4tten nicht 80 g \/ qm sondern mindestens 120 g \/ qm haben sollen. Und diese Papierstreifen habe ich selber geschnitten, f\u00fcr Versuche sind die fertigen Streifen zum kaufen einfach zu teuer.<\/p>\n<p>&nbsp;<\/p>\n<p>Und auch von diesen Versuch gibt es ein Video&#8230;.<\/p>\n<p><a href=\"https:\/\/www.youtube.com\/watch?v=LUH2k7rg7kg&amp;t=118s\">https:\/\/www.youtube.com\/watch?v=LUH2k7rg7kg&amp;t=118s<\/a><\/p>\n<p>Versucht euch doch mal daran und zeigt mir dann doch mal eure Anabelle&#8230;.<\/p>\n<p>Liebe Gr\u00fc\u00dfe<\/p>\n<p>Elke<\/p>\n<p>&nbsp;<\/p>\n","protected":false},"excerpt":{"rendered":"<p>Hallo ihr lieben&#8230; Ich dachte ich versuche mich nochmal am Quilling&#8230;. ja Versuch&#8230;. Das ist noch immer nicht ganz so wie ich mir das Vorstelle&#8230; Aber mal ehrlich, es ist noch kein Meister vom Himmel gefallen&#8230; Und Kopf in den Sand, wie Vogel Strau\u00df&#8230; Das bringt doch auch keinen weiter&#8230; Also \u00fcben&#8230;. Dies ist nun &hellip; <\/p>\n<p class=\"link-more\"><a href=\"https:\/\/wegwerfenwargestern.de\/index.php\/blog-2\/2016-3\/stern-anabelle\/\" class=\"more-link\"><span class=\"screen-reader-text\">\u201eStern Anabelle\u201c <\/span>weiterlesen<\/a><\/p>\n","protected":false},"author":2,"featured_media":0,"parent":1808,"menu_order":0,"comment_status":"closed","ping_status":"closed","template":"","meta":{"footnotes":""},"class_list":["post-1445","page","type-page","status-publish","hentry"],"yoast_head":"<!-- This site is optimized with the Yoast SEO plugin v25.8 - https:\/\/yoast.com\/wordpress\/plugins\/seo\/ -->\n<title>Stern Anabelle -<\/title>\n<meta name=\"robots\" content=\"index, follow, max-snippet:-1, max-image-preview:large, max-video-preview:-1\" \/>\n<link rel=\"canonical\" href=\"https:\/\/wegwerfenwargestern.de\/index.php\/blog-2\/2016-3\/stern-anabelle\/\" \/>\n<meta property=\"og:locale\" content=\"de_DE\" \/>\n<meta property=\"og:type\" content=\"article\" \/>\n<meta property=\"og:title\" content=\"Stern Anabelle -\" \/>\n<meta property=\"og:description\" content=\"Hallo ihr lieben&#8230; Ich dachte ich versuche mich nochmal am Quilling&#8230;. ja Versuch&#8230;. Das ist noch immer nicht ganz so wie ich mir das Vorstelle&#8230; Aber mal ehrlich, es ist noch kein Meister vom Himmel gefallen&#8230; Und Kopf in den Sand, wie Vogel Strau\u00df&#8230; Das bringt doch auch keinen weiter&#8230; Also \u00fcben&#8230;. Dies ist nun &hellip; \u201eStern Anabelle\u201c weiterlesen\" \/>\n<meta property=\"og:url\" content=\"https:\/\/wegwerfenwargestern.de\/index.php\/blog-2\/2016-3\/stern-anabelle\/\" \/>\n<meta property=\"article:modified_time\" content=\"2018-09-22T16:55:38+00:00\" \/>\n<meta property=\"og:image\" content=\"https:\/\/wegwerfenwargestern.de\/wp-content\/uploads\/2018\/07\/d99aa4c3-1d9c-4d8e-907c-330ad1c843cd..1...jpg\" \/>\n\t<meta property=\"og:image:width\" content=\"288\" \/>\n\t<meta property=\"og:image:height\" content=\"319\" \/>\n\t<meta property=\"og:image:type\" content=\"image\/jpeg\" \/>\n<meta name=\"twitter:card\" content=\"summary_large_image\" \/>\n<meta name=\"twitter:label1\" content=\"Gesch\u00e4tzte Lesezeit\" \/>\n\t<meta name=\"twitter:data1\" content=\"1\u00a0Minute\" \/>\n<script type=\"application\/ld+json\" class=\"yoast-schema-graph\">{\"@context\":\"https:\/\/schema.org\",\"@graph\":[{\"@type\":\"WebPage\",\"@id\":\"https:\/\/wegwerfenwargestern.de\/index.php\/blog-2\/2016-3\/stern-anabelle\/\",\"url\":\"https:\/\/wegwerfenwargestern.de\/index.php\/blog-2\/2016-3\/stern-anabelle\/\",\"name\":\"Stern Anabelle -\",\"isPartOf\":{\"@id\":\"https:\/\/wegwerfenwargestern.de\/#website\"},\"primaryImageOfPage\":{\"@id\":\"https:\/\/wegwerfenwargestern.de\/index.php\/blog-2\/2016-3\/stern-anabelle\/#primaryimage\"},\"image\":{\"@id\":\"https:\/\/wegwerfenwargestern.de\/index.php\/blog-2\/2016-3\/stern-anabelle\/#primaryimage\"},\"thumbnailUrl\":\"https:\/\/wegwerfenwargestern.de\/wp-content\/uploads\/2018\/07\/d99aa4c3-1d9c-4d8e-907c-330ad1c843cd..1...jpg\",\"datePublished\":\"2018-09-21T17:46:47+00:00\",\"dateModified\":\"2018-09-22T16:55:38+00:00\",\"breadcrumb\":{\"@id\":\"https:\/\/wegwerfenwargestern.de\/index.php\/blog-2\/2016-3\/stern-anabelle\/#breadcrumb\"},\"inLanguage\":\"de\",\"potentialAction\":[{\"@type\":\"ReadAction\",\"target\":[\"https:\/\/wegwerfenwargestern.de\/index.php\/blog-2\/2016-3\/stern-anabelle\/\"]}]},{\"@type\":\"ImageObject\",\"inLanguage\":\"de\",\"@id\":\"https:\/\/wegwerfenwargestern.de\/index.php\/blog-2\/2016-3\/stern-anabelle\/#primaryimage\",\"url\":\"https:\/\/wegwerfenwargestern.de\/wp-content\/uploads\/2018\/07\/d99aa4c3-1d9c-4d8e-907c-330ad1c843cd..1...jpg\",\"contentUrl\":\"https:\/\/wegwerfenwargestern.de\/wp-content\/uploads\/2018\/07\/d99aa4c3-1d9c-4d8e-907c-330ad1c843cd..1...jpg\",\"width\":288,\"height\":319},{\"@type\":\"BreadcrumbList\",\"@id\":\"https:\/\/wegwerfenwargestern.de\/index.php\/blog-2\/2016-3\/stern-anabelle\/#breadcrumb\",\"itemListElement\":[{\"@type\":\"ListItem\",\"position\":1,\"name\":\"Startseite\",\"item\":\"https:\/\/wegwerfenwargestern.de\/\"},{\"@type\":\"ListItem\",\"position\":2,\"name\":\"Blog\",\"item\":\"https:\/\/wegwerfenwargestern.de\/index.php\/blog-2\/\"},{\"@type\":\"ListItem\",\"position\":3,\"name\":\"2017\",\"item\":\"https:\/\/wegwerfenwargestern.de\/index.php\/blog-2\/2016-3\/\"},{\"@type\":\"ListItem\",\"position\":4,\"name\":\"Stern Anabelle\"}]},{\"@type\":\"WebSite\",\"@id\":\"https:\/\/wegwerfenwargestern.de\/#website\",\"url\":\"https:\/\/wegwerfenwargestern.de\/\",\"name\":\"Wegwerfen war gestern\",\"description\":\"\",\"publisher\":{\"@id\":\"https:\/\/wegwerfenwargestern.de\/#\/schema\/person\/b1afdd8bdf19d681d1c4e6ade0c90299\"},\"potentialAction\":[{\"@type\":\"SearchAction\",\"target\":{\"@type\":\"EntryPoint\",\"urlTemplate\":\"https:\/\/wegwerfenwargestern.de\/?s={search_term_string}\"},\"query-input\":{\"@type\":\"PropertyValueSpecification\",\"valueRequired\":true,\"valueName\":\"search_term_string\"}}],\"inLanguage\":\"de\"},{\"@type\":[\"Person\",\"Organization\"],\"@id\":\"https:\/\/wegwerfenwargestern.de\/#\/schema\/person\/b1afdd8bdf19d681d1c4e6ade0c90299\",\"name\":\"Elke Jacobs\",\"image\":{\"@type\":\"ImageObject\",\"inLanguage\":\"de\",\"@id\":\"https:\/\/wegwerfenwargestern.de\/#\/schema\/person\/image\/\",\"url\":\"https:\/\/wegwerfenwargestern.de\/wp-content\/uploads\/2017\/09\/Darkanium12345.jpg\",\"contentUrl\":\"https:\/\/wegwerfenwargestern.de\/wp-content\/uploads\/2017\/09\/Darkanium12345.jpg\",\"width\":1956,\"height\":1100,\"caption\":\"Elke Jacobs\"},\"logo\":{\"@id\":\"https:\/\/wegwerfenwargestern.de\/#\/schema\/person\/image\/\"}}]}<\/script>\n<!-- \/ Yoast SEO plugin. -->","yoast_head_json":{"title":"Stern Anabelle -","robots":{"index":"index","follow":"follow","max-snippet":"max-snippet:-1","max-image-preview":"max-image-preview:large","max-video-preview":"max-video-preview:-1"},"canonical":"https:\/\/wegwerfenwargestern.de\/index.php\/blog-2\/2016-3\/stern-anabelle\/","og_locale":"de_DE","og_type":"article","og_title":"Stern Anabelle -","og_description":"Hallo ihr lieben&#8230; Ich dachte ich versuche mich nochmal am Quilling&#8230;. ja Versuch&#8230;. Das ist noch immer nicht ganz so wie ich mir das Vorstelle&#8230; Aber mal ehrlich, es ist noch kein Meister vom Himmel gefallen&#8230; Und Kopf in den Sand, wie Vogel Strau\u00df&#8230; Das bringt doch auch keinen weiter&#8230; Also \u00fcben&#8230;. Dies ist nun &hellip; \u201eStern Anabelle\u201c weiterlesen","og_url":"https:\/\/wegwerfenwargestern.de\/index.php\/blog-2\/2016-3\/stern-anabelle\/","article_modified_time":"2018-09-22T16:55:38+00:00","og_image":[{"width":288,"height":319,"url":"https:\/\/wegwerfenwargestern.de\/wp-content\/uploads\/2018\/07\/d99aa4c3-1d9c-4d8e-907c-330ad1c843cd..1...jpg","type":"image\/jpeg"}],"twitter_card":"summary_large_image","twitter_misc":{"Gesch\u00e4tzte Lesezeit":"1\u00a0Minute"},"schema":{"@context":"https:\/\/schema.org","@graph":[{"@type":"WebPage","@id":"https:\/\/wegwerfenwargestern.de\/index.php\/blog-2\/2016-3\/stern-anabelle\/","url":"https:\/\/wegwerfenwargestern.de\/index.php\/blog-2\/2016-3\/stern-anabelle\/","name":"Stern Anabelle -","isPartOf":{"@id":"https:\/\/wegwerfenwargestern.de\/#website"},"primaryImageOfPage":{"@id":"https:\/\/wegwerfenwargestern.de\/index.php\/blog-2\/2016-3\/stern-anabelle\/#primaryimage"},"image":{"@id":"https:\/\/wegwerfenwargestern.de\/index.php\/blog-2\/2016-3\/stern-anabelle\/#primaryimage"},"thumbnailUrl":"https:\/\/wegwerfenwargestern.de\/wp-content\/uploads\/2018\/07\/d99aa4c3-1d9c-4d8e-907c-330ad1c843cd..1...jpg","datePublished":"2018-09-21T17:46:47+00:00","dateModified":"2018-09-22T16:55:38+00:00","breadcrumb":{"@id":"https:\/\/wegwerfenwargestern.de\/index.php\/blog-2\/2016-3\/stern-anabelle\/#breadcrumb"},"inLanguage":"de","potentialAction":[{"@type":"ReadAction","target":["https:\/\/wegwerfenwargestern.de\/index.php\/blog-2\/2016-3\/stern-anabelle\/"]}]},{"@type":"ImageObject","inLanguage":"de","@id":"https:\/\/wegwerfenwargestern.de\/index.php\/blog-2\/2016-3\/stern-anabelle\/#primaryimage","url":"https:\/\/wegwerfenwargestern.de\/wp-content\/uploads\/2018\/07\/d99aa4c3-1d9c-4d8e-907c-330ad1c843cd..1...jpg","contentUrl":"https:\/\/wegwerfenwargestern.de\/wp-content\/uploads\/2018\/07\/d99aa4c3-1d9c-4d8e-907c-330ad1c843cd..1...jpg","width":288,"height":319},{"@type":"BreadcrumbList","@id":"https:\/\/wegwerfenwargestern.de\/index.php\/blog-2\/2016-3\/stern-anabelle\/#breadcrumb","itemListElement":[{"@type":"ListItem","position":1,"name":"Startseite","item":"https:\/\/wegwerfenwargestern.de\/"},{"@type":"ListItem","position":2,"name":"Blog","item":"https:\/\/wegwerfenwargestern.de\/index.php\/blog-2\/"},{"@type":"ListItem","position":3,"name":"2017","item":"https:\/\/wegwerfenwargestern.de\/index.php\/blog-2\/2016-3\/"},{"@type":"ListItem","position":4,"name":"Stern Anabelle"}]},{"@type":"WebSite","@id":"https:\/\/wegwerfenwargestern.de\/#website","url":"https:\/\/wegwerfenwargestern.de\/","name":"Wegwerfen war gestern","description":"","publisher":{"@id":"https:\/\/wegwerfenwargestern.de\/#\/schema\/person\/b1afdd8bdf19d681d1c4e6ade0c90299"},"potentialAction":[{"@type":"SearchAction","target":{"@type":"EntryPoint","urlTemplate":"https:\/\/wegwerfenwargestern.de\/?s={search_term_string}"},"query-input":{"@type":"PropertyValueSpecification","valueRequired":true,"valueName":"search_term_string"}}],"inLanguage":"de"},{"@type":["Person","Organization"],"@id":"https:\/\/wegwerfenwargestern.de\/#\/schema\/person\/b1afdd8bdf19d681d1c4e6ade0c90299","name":"Elke Jacobs","image":{"@type":"ImageObject","inLanguage":"de","@id":"https:\/\/wegwerfenwargestern.de\/#\/schema\/person\/image\/","url":"https:\/\/wegwerfenwargestern.de\/wp-content\/uploads\/2017\/09\/Darkanium12345.jpg","contentUrl":"https:\/\/wegwerfenwargestern.de\/wp-content\/uploads\/2017\/09\/Darkanium12345.jpg","width":1956,"height":1100,"caption":"Elke Jacobs"},"logo":{"@id":"https:\/\/wegwerfenwargestern.de\/#\/schema\/person\/image\/"}}]}},"_links":{"self":[{"href":"https:\/\/wegwerfenwargestern.de\/index.php\/wp-json\/wp\/v2\/pages\/1445","targetHints":{"allow":["GET"]}}],"collection":[{"href":"https:\/\/wegwerfenwargestern.de\/index.php\/wp-json\/wp\/v2\/pages"}],"about":[{"href":"https:\/\/wegwerfenwargestern.de\/index.php\/wp-json\/wp\/v2\/types\/page"}],"author":[{"embeddable":true,"href":"https:\/\/wegwerfenwargestern.de\/index.php\/wp-json\/wp\/v2\/users\/2"}],"replies":[{"embeddable":true,"href":"https:\/\/wegwerfenwargestern.de\/index.php\/wp-json\/wp\/v2\/comments?post=1445"}],"version-history":[{"count":1,"href":"https:\/\/wegwerfenwargestern.de\/index.php\/wp-json\/wp\/v2\/pages\/1445\/revisions"}],"predecessor-version":[{"id":1446,"href":"https:\/\/wegwerfenwargestern.de\/index.php\/wp-json\/wp\/v2\/pages\/1445\/revisions\/1446"}],"up":[{"embeddable":true,"href":"https:\/\/wegwerfenwargestern.de\/index.php\/wp-json\/wp\/v2\/pages\/1808"}],"wp:attachment":[{"href":"https:\/\/wegwerfenwargestern.de\/index.php\/wp-json\/wp\/v2\/media?parent=1445"}],"curies":[{"name":"wp","href":"https:\/\/api.w.org\/{rel}","templated":true}]}}