{"id":2652,"date":"2019-02-13T16:36:09","date_gmt":"2019-02-13T15:36:09","guid":{"rendered":"https:\/\/wegwerfenwargestern.darkanium.de\/?page_id=2652"},"modified":"2019-02-13T16:36:10","modified_gmt":"2019-02-13T15:36:10","slug":"ordnung-fuer-stoffbaender-und-co-der-vorrat","status":"publish","type":"page","link":"https:\/\/wegwerfenwargestern.de\/index.php\/ordnung-fuer-stoffbaender-und-co-der-vorrat\/","title":{"rendered":"Ordnung f\u00fcr Stoffb\u00e4nder und co, der Vorrat!"},"content":{"rendered":"\n<p>Hallo ihr lieben\u2026.<\/p>\n\n\n\n<p>Heute habe ich die Zeit genutzt um mein Bastel Zimmer weiter auf zu r\u00e4umen. Und da ich noch so viel von der Pappe f\u00fcr die gro\u00dfen Karten hatte, habe ich mir daraus noch Karten gestanzt.<\/p>\n\n\n\n<div class=\"wp-block-image\"><figure class=\"alignleft\"><img loading=\"lazy\" decoding=\"async\" width=\"216\" height=\"288\" src=\"https:\/\/wegwerfenwargestern.de\/wp-content\/uploads\/2019\/02\/P1420562.....-2.jpg\" alt=\"\" class=\"wp-image-2653\"\/><\/figure><\/div>\n\n\n\n<p>50 Karten habe ich bekommen, so habe ich einen gro\u00dfen Vorrat.Und nun kann ich auch weiter hin alles Ordentlich weg r\u00e4umen.Was nat\u00fcrlich auch ganz wichtig ist es hat Luft \/ Platz gegeben, ihr glaubt nicht wie viel Platz die Kartons gebraucht haben.Aber da war ja noch was\u2026.<\/p>\n\n\n\n<p>Da war ja immer noch Pappe \u00fcbrig und da k\u00f6nnte man gut noch andere Pappe Karten stanzen.Denn mir fehlen ja ein paar Karten f\u00fcr meine Stick Twist Stickgarn Kiste und der Hersteller hat sie leider nicht mehr. Alle Karten die man daf\u00fcr kaufen kann haben leider eine ganz andere Form und passen nicht in die Aufbewahrung Box.<\/p>\n\n\n\n<div class=\"wp-block-image\"><figure class=\"alignright\"><img loading=\"lazy\" decoding=\"async\" width=\"288\" height=\"216\" src=\"https:\/\/wegwerfenwargestern.de\/wp-content\/uploads\/2019\/02\/P1420560.....-2.jpg\" alt=\"\" class=\"wp-image-2654\"\/><\/figure><\/div>\n\n\n\n<p> Und wenn nicht anders, dann w\u00e4re es toll ich k\u00f6nnte die Karten mit meiner Big Shot selber stanzen. Die Pappe bleibt auf jeden Fall erstmal noch liegen f\u00fcr diese Karten. Aber erstmal werde ich nach diesen Karten suchen und auch nach der Stanze, die Hoffnung stirbt zuletzt. <\/p>\n\n\n\n<p>\n\nJetzt bin ich nat\u00fcrlich auf der Suche nach einer Stanze f\u00fcr diese Art von Karten, ich m\u00f6chte die Box gern so Behalten wegen der tollen \u00dcbersicht.\n\n<\/p>\n\n\n\n<div class=\"wp-block-image\"><figure class=\"alignleft\"><img loading=\"lazy\" decoding=\"async\" width=\"288\" height=\"216\" src=\"https:\/\/wegwerfenwargestern.de\/wp-content\/uploads\/2019\/02\/P1420565.....-1.jpg\" alt=\"\" class=\"wp-image-2655\"\/><\/figure><\/div>\n\n\n\n<p> Das sind die Karten f\u00fcr die Aufbewahrung und ich kann sie offensichtlich nicht mehr bekommen. Falls jemand von euch die gesehen haben sollte, w\u00fcrde ich mich freuen einen Hinweis zu bekommen. Danke im Voraus daf\u00fcr. <\/p>\n\n\n\n<p>Nun w\u00fcnsche ich euch noch einen sch\u00f6nen Tag und frohes schaffen\u2026.<\/p>\n\n\n\n<p>Liebe Gr\u00fc\u00dfe<\/p>\n\n\n\n<p>Elke<\/p>\n","protected":false},"excerpt":{"rendered":"<p>Hallo ihr lieben\u2026. Heute habe ich die Zeit genutzt um mein Bastel Zimmer weiter auf zu r\u00e4umen. Und da ich noch so viel von der Pappe f\u00fcr die gro\u00dfen Karten hatte, habe ich mir daraus noch Karten gestanzt. 50 Karten habe ich bekommen, so habe ich einen gro\u00dfen Vorrat.Und nun kann ich auch weiter hin &hellip; <\/p>\n<p class=\"link-more\"><a href=\"https:\/\/wegwerfenwargestern.de\/index.php\/ordnung-fuer-stoffbaender-und-co-der-vorrat\/\" class=\"more-link\"><span class=\"screen-reader-text\">\u201eOrdnung f\u00fcr Stoffb\u00e4nder und co, der Vorrat!\u201c <\/span>weiterlesen<\/a><\/p>\n","protected":false},"author":2,"featured_media":0,"parent":0,"menu_order":0,"comment_status":"closed","ping_status":"closed","template":"","meta":{"footnotes":""},"class_list":["post-2652","page","type-page","status-publish","hentry"],"yoast_head":"<!-- This site is optimized with the Yoast SEO plugin v25.8 - https:\/\/yoast.com\/wordpress\/plugins\/seo\/ -->\n<title>Ordnung f\u00fcr Stoffb\u00e4nder und co, der Vorrat! -<\/title>\n<meta name=\"robots\" content=\"index, follow, max-snippet:-1, max-image-preview:large, max-video-preview:-1\" \/>\n<link rel=\"canonical\" href=\"https:\/\/wegwerfenwargestern.de\/index.php\/ordnung-fuer-stoffbaender-und-co-der-vorrat\/\" \/>\n<meta property=\"og:locale\" content=\"de_DE\" \/>\n<meta property=\"og:type\" content=\"article\" \/>\n<meta property=\"og:title\" content=\"Ordnung f\u00fcr Stoffb\u00e4nder und co, der Vorrat! -\" \/>\n<meta property=\"og:description\" content=\"Hallo ihr lieben\u2026. Heute habe ich die Zeit genutzt um mein Bastel Zimmer weiter auf zu r\u00e4umen. Und da ich noch so viel von der Pappe f\u00fcr die gro\u00dfen Karten hatte, habe ich mir daraus noch Karten gestanzt. 50 Karten habe ich bekommen, so habe ich einen gro\u00dfen Vorrat.Und nun kann ich auch weiter hin &hellip; \u201eOrdnung f\u00fcr Stoffb\u00e4nder und co, der Vorrat!\u201c weiterlesen\" \/>\n<meta property=\"og:url\" content=\"https:\/\/wegwerfenwargestern.de\/index.php\/ordnung-fuer-stoffbaender-und-co-der-vorrat\/\" \/>\n<meta property=\"article:modified_time\" content=\"2019-02-13T15:36:10+00:00\" \/>\n<meta property=\"og:image\" content=\"https:\/\/wegwerfenwargestern.de\/wp-content\/uploads\/2019\/02\/P1420562.....-2.jpg\" \/>\n\t<meta property=\"og:image:width\" content=\"216\" \/>\n\t<meta property=\"og:image:height\" content=\"288\" \/>\n\t<meta property=\"og:image:type\" content=\"image\/jpeg\" \/>\n<meta name=\"twitter:card\" content=\"summary_large_image\" \/>\n<meta name=\"twitter:label1\" content=\"Gesch\u00e4tzte Lesezeit\" \/>\n\t<meta name=\"twitter:data1\" content=\"1\u00a0Minute\" \/>\n<script type=\"application\/ld+json\" class=\"yoast-schema-graph\">{\"@context\":\"https:\/\/schema.org\",\"@graph\":[{\"@type\":\"WebPage\",\"@id\":\"https:\/\/wegwerfenwargestern.de\/index.php\/ordnung-fuer-stoffbaender-und-co-der-vorrat\/\",\"url\":\"https:\/\/wegwerfenwargestern.de\/index.php\/ordnung-fuer-stoffbaender-und-co-der-vorrat\/\",\"name\":\"Ordnung f\u00fcr Stoffb\u00e4nder und co, der Vorrat! -\",\"isPartOf\":{\"@id\":\"https:\/\/wegwerfenwargestern.de\/#website\"},\"primaryImageOfPage\":{\"@id\":\"https:\/\/wegwerfenwargestern.de\/index.php\/ordnung-fuer-stoffbaender-und-co-der-vorrat\/#primaryimage\"},\"image\":{\"@id\":\"https:\/\/wegwerfenwargestern.de\/index.php\/ordnung-fuer-stoffbaender-und-co-der-vorrat\/#primaryimage\"},\"thumbnailUrl\":\"https:\/\/wegwerfenwargestern.de\/wp-content\/uploads\/2019\/02\/P1420562.....-2.jpg\",\"datePublished\":\"2019-02-13T15:36:09+00:00\",\"dateModified\":\"2019-02-13T15:36:10+00:00\",\"breadcrumb\":{\"@id\":\"https:\/\/wegwerfenwargestern.de\/index.php\/ordnung-fuer-stoffbaender-und-co-der-vorrat\/#breadcrumb\"},\"inLanguage\":\"de\",\"potentialAction\":[{\"@type\":\"ReadAction\",\"target\":[\"https:\/\/wegwerfenwargestern.de\/index.php\/ordnung-fuer-stoffbaender-und-co-der-vorrat\/\"]}]},{\"@type\":\"ImageObject\",\"inLanguage\":\"de\",\"@id\":\"https:\/\/wegwerfenwargestern.de\/index.php\/ordnung-fuer-stoffbaender-und-co-der-vorrat\/#primaryimage\",\"url\":\"https:\/\/wegwerfenwargestern.de\/wp-content\/uploads\/2019\/02\/P1420562.....-2.jpg\",\"contentUrl\":\"https:\/\/wegwerfenwargestern.de\/wp-content\/uploads\/2019\/02\/P1420562.....-2.jpg\",\"width\":216,\"height\":288},{\"@type\":\"BreadcrumbList\",\"@id\":\"https:\/\/wegwerfenwargestern.de\/index.php\/ordnung-fuer-stoffbaender-und-co-der-vorrat\/#breadcrumb\",\"itemListElement\":[{\"@type\":\"ListItem\",\"position\":1,\"name\":\"Startseite\",\"item\":\"https:\/\/wegwerfenwargestern.de\/\"},{\"@type\":\"ListItem\",\"position\":2,\"name\":\"Ordnung f\u00fcr Stoffb\u00e4nder und co, der Vorrat!\"}]},{\"@type\":\"WebSite\",\"@id\":\"https:\/\/wegwerfenwargestern.de\/#website\",\"url\":\"https:\/\/wegwerfenwargestern.de\/\",\"name\":\"Wegwerfen war gestern\",\"description\":\"\",\"publisher\":{\"@id\":\"https:\/\/wegwerfenwargestern.de\/#\/schema\/person\/b1afdd8bdf19d681d1c4e6ade0c90299\"},\"potentialAction\":[{\"@type\":\"SearchAction\",\"target\":{\"@type\":\"EntryPoint\",\"urlTemplate\":\"https:\/\/wegwerfenwargestern.de\/?s={search_term_string}\"},\"query-input\":{\"@type\":\"PropertyValueSpecification\",\"valueRequired\":true,\"valueName\":\"search_term_string\"}}],\"inLanguage\":\"de\"},{\"@type\":[\"Person\",\"Organization\"],\"@id\":\"https:\/\/wegwerfenwargestern.de\/#\/schema\/person\/b1afdd8bdf19d681d1c4e6ade0c90299\",\"name\":\"Elke Jacobs\",\"image\":{\"@type\":\"ImageObject\",\"inLanguage\":\"de\",\"@id\":\"https:\/\/wegwerfenwargestern.de\/#\/schema\/person\/image\/\",\"url\":\"https:\/\/wegwerfenwargestern.de\/wp-content\/uploads\/2017\/09\/Darkanium12345.jpg\",\"contentUrl\":\"https:\/\/wegwerfenwargestern.de\/wp-content\/uploads\/2017\/09\/Darkanium12345.jpg\",\"width\":1956,\"height\":1100,\"caption\":\"Elke Jacobs\"},\"logo\":{\"@id\":\"https:\/\/wegwerfenwargestern.de\/#\/schema\/person\/image\/\"}}]}<\/script>\n<!-- \/ Yoast SEO plugin. -->","yoast_head_json":{"title":"Ordnung f\u00fcr Stoffb\u00e4nder und co, der Vorrat! -","robots":{"index":"index","follow":"follow","max-snippet":"max-snippet:-1","max-image-preview":"max-image-preview:large","max-video-preview":"max-video-preview:-1"},"canonical":"https:\/\/wegwerfenwargestern.de\/index.php\/ordnung-fuer-stoffbaender-und-co-der-vorrat\/","og_locale":"de_DE","og_type":"article","og_title":"Ordnung f\u00fcr Stoffb\u00e4nder und co, der Vorrat! -","og_description":"Hallo ihr lieben\u2026. Heute habe ich die Zeit genutzt um mein Bastel Zimmer weiter auf zu r\u00e4umen. Und da ich noch so viel von der Pappe f\u00fcr die gro\u00dfen Karten hatte, habe ich mir daraus noch Karten gestanzt. 50 Karten habe ich bekommen, so habe ich einen gro\u00dfen Vorrat.Und nun kann ich auch weiter hin &hellip; \u201eOrdnung f\u00fcr Stoffb\u00e4nder und co, der Vorrat!\u201c weiterlesen","og_url":"https:\/\/wegwerfenwargestern.de\/index.php\/ordnung-fuer-stoffbaender-und-co-der-vorrat\/","article_modified_time":"2019-02-13T15:36:10+00:00","og_image":[{"width":216,"height":288,"url":"https:\/\/wegwerfenwargestern.de\/wp-content\/uploads\/2019\/02\/P1420562.....-2.jpg","type":"image\/jpeg"}],"twitter_card":"summary_large_image","twitter_misc":{"Gesch\u00e4tzte Lesezeit":"1\u00a0Minute"},"schema":{"@context":"https:\/\/schema.org","@graph":[{"@type":"WebPage","@id":"https:\/\/wegwerfenwargestern.de\/index.php\/ordnung-fuer-stoffbaender-und-co-der-vorrat\/","url":"https:\/\/wegwerfenwargestern.de\/index.php\/ordnung-fuer-stoffbaender-und-co-der-vorrat\/","name":"Ordnung f\u00fcr Stoffb\u00e4nder und co, der Vorrat! -","isPartOf":{"@id":"https:\/\/wegwerfenwargestern.de\/#website"},"primaryImageOfPage":{"@id":"https:\/\/wegwerfenwargestern.de\/index.php\/ordnung-fuer-stoffbaender-und-co-der-vorrat\/#primaryimage"},"image":{"@id":"https:\/\/wegwerfenwargestern.de\/index.php\/ordnung-fuer-stoffbaender-und-co-der-vorrat\/#primaryimage"},"thumbnailUrl":"https:\/\/wegwerfenwargestern.de\/wp-content\/uploads\/2019\/02\/P1420562.....-2.jpg","datePublished":"2019-02-13T15:36:09+00:00","dateModified":"2019-02-13T15:36:10+00:00","breadcrumb":{"@id":"https:\/\/wegwerfenwargestern.de\/index.php\/ordnung-fuer-stoffbaender-und-co-der-vorrat\/#breadcrumb"},"inLanguage":"de","potentialAction":[{"@type":"ReadAction","target":["https:\/\/wegwerfenwargestern.de\/index.php\/ordnung-fuer-stoffbaender-und-co-der-vorrat\/"]}]},{"@type":"ImageObject","inLanguage":"de","@id":"https:\/\/wegwerfenwargestern.de\/index.php\/ordnung-fuer-stoffbaender-und-co-der-vorrat\/#primaryimage","url":"https:\/\/wegwerfenwargestern.de\/wp-content\/uploads\/2019\/02\/P1420562.....-2.jpg","contentUrl":"https:\/\/wegwerfenwargestern.de\/wp-content\/uploads\/2019\/02\/P1420562.....-2.jpg","width":216,"height":288},{"@type":"BreadcrumbList","@id":"https:\/\/wegwerfenwargestern.de\/index.php\/ordnung-fuer-stoffbaender-und-co-der-vorrat\/#breadcrumb","itemListElement":[{"@type":"ListItem","position":1,"name":"Startseite","item":"https:\/\/wegwerfenwargestern.de\/"},{"@type":"ListItem","position":2,"name":"Ordnung f\u00fcr Stoffb\u00e4nder und co, der Vorrat!"}]},{"@type":"WebSite","@id":"https:\/\/wegwerfenwargestern.de\/#website","url":"https:\/\/wegwerfenwargestern.de\/","name":"Wegwerfen war gestern","description":"","publisher":{"@id":"https:\/\/wegwerfenwargestern.de\/#\/schema\/person\/b1afdd8bdf19d681d1c4e6ade0c90299"},"potentialAction":[{"@type":"SearchAction","target":{"@type":"EntryPoint","urlTemplate":"https:\/\/wegwerfenwargestern.de\/?s={search_term_string}"},"query-input":{"@type":"PropertyValueSpecification","valueRequired":true,"valueName":"search_term_string"}}],"inLanguage":"de"},{"@type":["Person","Organization"],"@id":"https:\/\/wegwerfenwargestern.de\/#\/schema\/person\/b1afdd8bdf19d681d1c4e6ade0c90299","name":"Elke Jacobs","image":{"@type":"ImageObject","inLanguage":"de","@id":"https:\/\/wegwerfenwargestern.de\/#\/schema\/person\/image\/","url":"https:\/\/wegwerfenwargestern.de\/wp-content\/uploads\/2017\/09\/Darkanium12345.jpg","contentUrl":"https:\/\/wegwerfenwargestern.de\/wp-content\/uploads\/2017\/09\/Darkanium12345.jpg","width":1956,"height":1100,"caption":"Elke Jacobs"},"logo":{"@id":"https:\/\/wegwerfenwargestern.de\/#\/schema\/person\/image\/"}}]}},"_links":{"self":[{"href":"https:\/\/wegwerfenwargestern.de\/index.php\/wp-json\/wp\/v2\/pages\/2652","targetHints":{"allow":["GET"]}}],"collection":[{"href":"https:\/\/wegwerfenwargestern.de\/index.php\/wp-json\/wp\/v2\/pages"}],"about":[{"href":"https:\/\/wegwerfenwargestern.de\/index.php\/wp-json\/wp\/v2\/types\/page"}],"author":[{"embeddable":true,"href":"https:\/\/wegwerfenwargestern.de\/index.php\/wp-json\/wp\/v2\/users\/2"}],"replies":[{"embeddable":true,"href":"https:\/\/wegwerfenwargestern.de\/index.php\/wp-json\/wp\/v2\/comments?post=2652"}],"version-history":[{"count":1,"href":"https:\/\/wegwerfenwargestern.de\/index.php\/wp-json\/wp\/v2\/pages\/2652\/revisions"}],"predecessor-version":[{"id":2657,"href":"https:\/\/wegwerfenwargestern.de\/index.php\/wp-json\/wp\/v2\/pages\/2652\/revisions\/2657"}],"wp:attachment":[{"href":"https:\/\/wegwerfenwargestern.de\/index.php\/wp-json\/wp\/v2\/media?parent=2652"}],"curies":[{"name":"wp","href":"https:\/\/api.w.org\/{rel}","templated":true}]}}